 factor of 8 and q?
4
Let v be 18/(-15)*(-1060)/3. Calculate the highest common divisor of 53 and v.
53
Let n(q) = -5*q - 3. Let w be n(-3). Suppose c - 6*c - 2*j = -36, -3*c + 21 = j. Let o = c - -12. What is the highest common factor of o and w?
6
Suppose 2*q + 14 = -5*a, 2 = a + 4. Let i = q - -8. Calculate the highest common divisor of i and 66.
6
Suppose -16 = -4*h - 0. Suppose 3*v - 2*v = h. Let n = 10 - v. What is the greatest common divisor of 15 and n?
3
Let r = 5 - -7. Let z be 4/20 - (-169)/5. Suppose r = -2*u + z. Calculate the greatest common factor of 11 and u.
11
Let i = 17 + -34. Suppose 8*m + 3*t + 162 = 3*m, -104 = 3*m - 5*t. Let y = i - m. What is the greatest common factor of y and 80?
16
Suppose -14*o - 2*o + 176 = 0. What is the highest common factor of o and 33?
11
Suppose l + 4*s = 69, 4*l - 4*s - 264 = 52. Suppose -4*y = -2*y - 10. Suppose -33 = -8*x + y*x. Calculate the highest common factor of l and x.
11
Let v be (-381)/(-6) - (-1)/(-2). What is the greatest common divisor of 7 and v?
7
Let g be ((-28)/(-5))/(7/35). Calculate the greatest common divisor of g and 182.
14
Let o(f) = -9*f + 4. Let s be o(-5). Let y be (-3)/2*(1 + -3). Suppose y*u - 2 = 7, k = 3*u - 2. Calculate the highest common divisor of k and s.
7
Let w(i) = -i**2 - 10*i + 4. Let h be w(-8). Suppose 4*t = -2*x, 6*x + 3*t + 1 = 4*x. Let k be (-52)/(-14) - x/7. What is the highest common divisor of k and h?
4
Let h = 5 + -2. Suppose -2*k + 24 = -k + 2*z, -h*k + 48 = -2*z. Let u be 2 - (1/1 - 1). Calculate the highest common divisor of k and u.
2
Let a(x) = 2*x**2 + 15*x + 10. Let k be a(-7). Calculate the highest common divisor of 3 and k.
3
Let w be 35 - -3*(-2)/(-6). Calculate the highest common factor of 24 and w.
12
Suppose 4*j + 12 = -3*k + 307, 3*j = k - 120. What is the greatest common divisor of k and 15?
15
Suppose -z + 2*z - 5 = 0. Let t be (22/(-8))/(1/(-12)). Suppose -667 - t = -z*m. What is the greatest common divisor of m and 14?
14
Let l = 26 + -22. Suppose 92 = 2*k - v, -71 = -3*k + 2*v + 69. What is the greatest common divisor of k and l?
4
Let y(t) = t**3 - t. Let f be y(2). Suppose -2*a - 25 = -b, -43 = -2*b - 2*a + 7. Suppose -f*p = -p - b. What is the highest common factor of 2 and p?
1
Let v = 79 - 71. Calculate the highest common factor of v and 20.
4
Let l be (-4)/((-16)/(-12)) - -29. Suppose 4*m - 100 = -x, m + 3*x = 7*x + 42. What is the highest common factor of m and l?
26
Let t(i) = i**2 + 6*i + 3. Let j be t(-6). Suppose -15 - 3 = -j*r. What is the highest common factor of r and 12?
6
Suppose x - 25 + 0 = -5*a, 4*a = -4*x + 52. Let p(r) = r**3 - 26*r**2 + 4*r - 24. Let u be p(26). What is the greatest common factor of x and u?
10
Suppose 4*g = 2*g. Suppose -2*r - 2*q + 10 = 0, g*q - 32 = -5*r + 2*q. Calculate the highest common factor of 30 and r.
6
Let x = -132 - -150. Calculate the highest common factor of x and 306.
18
Let n be (-33)/(-1)*(-5)/(-3). Calculate the greatest common factor of n and 5.
5
Let s be 35*2*8/10. Calculate the greatest common divisor of s and 7.
7
Let w be (8/10)/(1/5). Suppose 3*t - 264 - 252 = 0. Suppose 0 = 5*y + 12 - t. What is the greatest common factor of y and w?
4
Let l(q) = -2*q + 6. Let o be l(-3). Suppose 2*c - 60 = c. Calculate the highest common divisor of o and c.
12
Let a be 0 + (10 - (-5 - -3)). Calculate the highest common factor of 132 and a.
12
Let a = 17 + -4. Let m = 29 - -62. What is the greatest common factor of a and m?
13
Let t be 92/6 - (-1)/(-3). Let j = t - 11. Let m = 139 - 95. Calculate the greatest common divisor of j and m.
4
Let d = -21 + 23. What is the highest common divisor of d and 18?
2
Let q(a) be the third derivative of 7*a**4/24 - 2*a**3/3 - 6*a**2. Let m be q(3). Calculate the greatest common factor of m and 136.
17
Let b(l) = -4 + 2*l + 12*l + 2. Let x be b(3). What is the highest common divisor of 100 and x?
20
Suppose 5*r - 15 = 5. Let w = -4 - -12. Calculate the greatest common divisor of w and r.
4
Suppose d + 3*t = 7, -3*t - 32 = -5*d + 57. Let x = -72 + 184. Calculate the highest common factor of d and x.
16
Suppose -g + 125 = -4*t, 2*g + 2*t - 116 - 114 = 0. Calculate the highest common divisor of g and 13.
13
Let d(m) = -m**2 + 7*m - 6. Let t be d(4). Calculate the greatest common factor of t and 18.
6
Let j = 14 + -11. Suppose 3*h + 6 = 3*k, -5*h + j*k + 2 - 4 = 0. Calculate the greatest common divisor of 2 and h.
2
Let m(s) be the first derivative of 5*s**2/2 - 5*s + 5. Let j be m(3). Calculate the greatest common factor of 4 and j.
2
Let q(a) = 2*a + 6. Let t be q(6). Calculate the highest common divisor of 18 and t.
18
Suppose -9*k = -6*k - 930. Calculate the greatest common factor of k and 31.
31
Let c(g) = g + 1. Let o(b) = b - 23. Let v(h) = 2*c(h) + o(h). Let d be v(10). Calculate the highest common divisor of 72 and d.
9
Let a(x) = 4*x**2 - 12*x - 24. Let m be a(-5). What is the highest common divisor of m and 8?
8
Let f be (-2)/(-4)*(-3 + 17). Calculate the highest common divisor of 1 and f.
1
Let v(b) = b**3 + 6*b**2 - 2*b - 3. Suppose 2*x = -3*t - 3, -9 = -2*t - t. Let g be v(x). Suppose -g - 7 = -4*y. What is the greatest common factor of 6 and y?
2
Let g = -17 + 65. What is the highest common divisor of g and 12?
12
Let c be (-3 + 4)*-1 - -41. Suppose 8 = 4*k - c. Let w = -32 + 56. Calculate the greatest common divisor of k and w.
12
Suppose -3*o + d + 109 = 0, -2*o = o + 5*d - 103. Let j be (5 - 3) + 4 + 3. What is the highest common divisor of o and j?
9
Let j = 5 - 7. Let a = -83 + j. Let t = a + 130. What is the greatest common factor of t and 18?
9
Suppose 27 = f - 1. What is the greatest common divisor of 196 and f?
28
Let i be (-90)/(-35) - (-6)/14. Suppose 15 = -i*u - 6. Let o(d) = -d**3 - 5*d**2 - 2*d - 8. Let v be o(u). Calculate the greatest common divisor of v and 13.
13
Let z(f) = -f**3 - 6*f**2 + 6*f + 11. Let s be z(-7). Let y be 32/(-6)*81/(-6). Calculate the greatest common factor of y and s.
18
Suppose a - 23 = 3*n, -5*a + 7*n = 2*n - 105. Let q(y) = 2*y**2 + 4*y + 2. Let g be q(-3). What is the greatest common factor of a and g?
4
Let k be ((-34)/4)/(17/(-34)). What is the highest common factor of k and 17?
17
Let u = 126 - 75. Suppose 6*g + 10 = -14. Let p = u - g. What is the greatest common factor of p and 22?
11
Let n be (6/(-15))/((-1)/5). Let l = 0 - -8. Let m be (13 + -5)*14/l. What is the highest common factor of n and m?
2
Suppose 0*f = 7*f - 84. Calculate the greatest common divisor of 144 and f.
12
Suppose i = -4*g + 17, 0*g + g = 5. Let q = 18 + i. Calculate the highest common factor of 165 and q.
15
Suppose -36*m = -37*m + 50. Calculate the highest common factor of m and 10.
10
Let v(y) = -y**3 - 8*y**2 + 7. Let w be v(-9). What is the greatest common divisor of w and 8?
8
Let c(r) = -r**2 - 12*r - 9. Let d be c(-11). Suppose -b - 27 = -4*p + d*b, -3*p - 3*b + 36 = 0. What is the greatest common factor of p and 72?
9
Let l be 1/(3/(-39)*-1). Suppose d - 39 = -2*d. What is the highest common factor of l and d?
13
Suppose 5*f = -3*p + 53, 2*p = -0*f + f + 18. Suppose 0 = -0*x + 2*x - 2. What is the highest common divisor of p and x?
1
Suppose -716 = -4*f + 564. Suppose -5*z = -5*o + 445, 3*o + 5*z + 93 - f = 0. Calculate the greatest common factor of 12 and o.
12
Let u = -13 - -22. Suppose 54 = 6*w - 108. What is the highest common factor of u and w?
9
Suppose 4*d - 8 = -0*d. Calculate the greatest common divisor of 18 and d.
2
Let h(i) be the second derivative of -i**3/6 - i**2 - 2*i. Let d be h(-6). Let a = 2 + d. Calculate the greatest common factor of a and 24.
6
Suppose 8*f = 3*f + 55. Calculate the greatest common factor of 11 and f.
11
Let b(q) = 14*q + 11. Let z be b(5). Let h be (-100)/(-12) - 4/(-6). Calculate the greatest common factor of z and h.
9
Let n be (-6 + 0 + 1)*-1. Let v = 605 + -560. What is the greatest common divisor of n and v?
5
Let q be 6/7*14/3. What is the greatest common factor of q and 20?
4
Suppose -8*h + 290 = -7*h. Calculate the highest common divisor of h and 10.
10
Let y be 4/16 - (-141)/12. Let p(m) = 3*m**2 - 3*m. Let n be p(2). Calculate the highest common divisor of n and y.
6
Suppose -20*y - 102 = -502. What is the highest common divisor of y and 4?
4
Let o 